*m + 150. List the prime factors of m.
2, 5
Suppose -9*q - 6 = -6*q. What are the prime factors of q/(-4) + 198/12?
17
Let h(l) = -7*l + 11*l - 5*l + 3 - 5. What are the prime factors of h(-7)?
5
Suppose -5 = -y - 2. Suppose -y*v = -4*v + 21. List the prime factors of v.
3, 7
What are the prime factors of (-1)/1 - ((-12)/(-6) - 9)?
2, 3
Suppose i + 9 = 20. What are the prime factors of i?
11
Let p = 3 - 2. Suppose 2*h - p = 5. Suppose -3*i = -2*i + 2*b - h, b + 48 = 5*i. List the prime factors of i.
3
Suppose 0 = 3*k - 4*t - 53, k + 4 = -4*t - 5. What are the prime factors of k?
11
Let b(a) = -a**2 + 14*a - 7. Let c be b(12). Let s = c + -1. What are the prime factors of s?
2
Let s = -23 + 18. Let u = s + 23. What are the prime factors of u?
2, 3
Suppose -5*r + 19 = -d, -2*r + 3*r + 49 = -2*d. Let v be d/10*(-30)/(-4). Let w = v + 29. List the prime factors of w.
11
Suppose -42 = b + 5*q, -b + 2*q - 5 = 16. Let s = -11 - b. What are the prime factors of s?
2
Suppose -x + 0 = -2. Let a(w) = w**2 + 3*w - 1. What are the prime factors of a(x)?
3
Let u = 47 - 34. List the prime factors of u.
13
Let x = -2 - -5. Suppose 3 = 3*m + x*h, 0*m - m - 5*h + 1 = 0. Let f = 9 - m. List the prime factors of f.
2
Let m be 0*(1/(-2) - -1). Suppose q - 3*q + 18 = m. List the prime factors of q.
3
Suppose -3*b + 37 = -5*p, 3*p - 9 = -24. Suppose 0 = -5*y + 2*x - 8, 4*y + 0*y - 3*x + 12 = 0. Suppose y*q = -b*q + 44. What are the prime factors of q?
11
Suppose -5*k + 6 = 26. Let l = 4 + k. Suppose y - 2*d - 5 = l, -y - 2*d - d = 0. What are the prime factors of y?
3
Let x(v) = -v**3 - v**2. Let w be x(-2). Suppose w*g - 136 = -36. What are the prime factors of g?
5
Let n be 10/(-25) + 17/5. Suppose -n*m - 2*w + 29 = -3*w, -3*m + 13 = -5*w. List the prime factors of m.
11
Let f(l) = -4. Let h(u) = -u - 3. Let o(k) = 2*f(k) - 3*h(k). List the prime factors of o(1).
2
Suppose 0 = -k + 1 + 2. Suppose k*h = -2*h. Suppose 63 = -h*c + 3*c. List the prime factors of c.
3, 7
What are the prime factors of ((-16)/(-20))/((-12)/(-930))?
2, 31
Let s(y) = 4*y - 19. List the prime factors of s(8).
13
Suppose -4*j - j - 25 = 0. Let w = j + 8. Suppose 6*s - 15 = w*s. List the prime factors of s.
5
Let o(v) = 10*v - 1. Let f(h) = 159*h - 15. Let x(s) = 2*f(s) - 33*o(s). Let p(a) = -3*a + 1. Let l(g) = -15*p(g) + 4*x(g). List the prime factors of l(-5).
2, 3
Suppose 5*y = 3 + 137. Suppose 5*r - y = 4*r. List the prime factors of r.
2, 7
Let n(r) = 11*r + 64. List the prime factors of n(0).
2
Suppose 2*z = z + 2. Suppose z*u - 11 = -1. Let g = 7 - u. What are the prime factors of g?
2
Suppose 0 = 3*c, 0 = 2*y - 3*y - 2*c + 86. List the prime factors of y.
2, 43
Suppose 2*u + 2*u - 23 = 5*h, u = -h - 1. Suppose 30 = 2*r + u*l, -3*r + 4*l = 2*r - 93. Let f = -9 + r. List the prime factors of f.
2
Suppose 5*m = -2*t + 20, m + t = -3*m + 16. Suppose -m*u + 102 = -62. Suppose -3*p + u = -28. List the prime factors of p.
23
Suppose 5 = -i + 4*c, 0*c = 4*c - 12. What are the prime factors of i?
7
Suppose -2*x = -x - 10. Suppose -4*w + 18 + x = 0. What are the prime factors of w?
7
What are the prime factors of (332/10)/(4/10)?
83
What are the prime factors of (-1317)/(-15) - (-3)/15?
2, 11
Suppose -3*i + 5 = -1. Let p = 45 - -20. Suppose i*g + 3*g = p. What are the prime factors of g?
13
Let g(p) = p - 1. Suppose -1 = j - 6. List the prime factors of g(j).
2
Let z be (-76)/(-16) - 9/12. Suppose -3*v + 13 = u, -7*u + 4 = -z*v - 3*u. What are the prime factors of v?
3
Let x be 1*(0 - (-42)/(-3)). What are the prime factors of 1/(x/8 + 2)?
2
Let o(i) = -6*i + 178. List the prime factors of o(0).
2, 89
Let j = 2 + 3. Let m(x) = -11*x - 9. Let d(b) = -16*b - 13. Let i(o) = j*d(o) - 7*m(o). What are the prime factors of i(-4)?
2, 5
Suppose -14 - 1 = -5*w. Let k(d) = -d**3 + 3*d**2 - 2*d. Let x(g) = g**3 - 3*g**2 + g. Let h(j) = -3*k(j) - 4*x(j). What are the prime factors of h(w)?
2, 3
Let m(h) = -h**3 + 10*h**2 - h + 14. Let s be m(10). Suppose 0 = 3*f - 5*i - 35, 4*i = -s*f + i + 37. What are the prime factors of f?
2, 5
Let a(l) = -2*l**3 + l**2 - l - 1. Let p be (-2 - -4) + -4 - -2. Suppose -3*h - 4*z = h - 8, p = 4*h - 3*z + 13. List the prime factors of a(h).
3
Suppose -5*f - p + 357 = 0, -4*f + 273 = 5*p - 0*p. List the prime factors of f.
2, 3
Let b(y) = -y + 24. Let k(s) = s**2 + 8*s + 7. Let a be k(-7). Let c be b(a). Suppose -n = n - c. List the prime factors of n.
2, 3
Suppose -q - q - 3*b + 78 = 0, 3*q + b = 124. Suppose g - 5*n - q = -0*g, -2*n - 45 = -g. What are the prime factors of g/4 - 6/(-24)?
2, 3
Let p(a) = -a**2 + 2*a**3 + a**2 + a**2 + 0*a - a. List the prime factors of p(1).
2
Let f be -28 - 0/(5 + -2). Let z be f/(-6)*(-6)/(-4). List the prime factors of (2/2)/(1/z).
7
Suppose -375 - 5 = -2*g. What are the prime factors of g?
2, 5, 19
Let p be (-25)/3 - 2/3. Suppose 2*s + 11 = z - 2, -24 = s - 4*z. Let w = s - p. What are the prime factors of w?
5
Suppose 9 = 3*v, 4*g + 2*v = 8*g - 250. Suppose -r + 5*r = g. What are the prime factors of r?
2
What are the prime factors of 3 + 4 + (99 - 2)?
2, 13
Suppose 3*k + 2*k = 0. Suppose k = 4*x - x - 27. List the prime factors of x.
3
Let n(p) be the third derivative of p**5/15 - p**4/24 - p**3/3 - 4*p**2. List the prime factors of n(-2).
2
Let b(x) = x**3 - x**2 + 24. Let m = 6 - 6. List the prime factors of b(m).
2, 3
Let g = -630 + 888. What are the prime factors of g?
2, 3, 43
Let h(p) = -p**3 - 2*p**2 + 2. Let x be (2/4)/(3/(-18)). List the prime factors of h(x).
11
List the prime factors of (-2 - (-65)/15)*3.
7
Let c = 1 + 0. Let n be 0/((c - 0)*-1). Suppose n = -3*h - 2*j + 26, -3*h + 5*j + 30 = -h. What are the prime factors of h?
2, 5
Let i = -6 - -9. Suppose 5*q = i*q + 8. Suppose -u - h - 4*h = -24, -4*u - q*h = -64. List the prime factors of u.
2, 7
Let l(d) = 60*d - 3. List the prime factors of l(6).
3, 7, 17
List the prime factors of 85*(1 + -1*(-2)/(-10)).
2, 17
What are the prime factors of -4 - (-1 - 0)*227?
223
Let t(m) = -3*m + 6. What are the prime factors of t(-5)?
3, 7
Let v(y) = -12*y - 10. Let w(d) = d. Let k(g) = -v(g) - 2*w(g). List the prime factors of k(5).
2, 3, 5
Let q(h) = -36*h**3 + 2*h**2 - 1. Let n be q(-1). Suppose 3*x - 8 = n. What are the prime factors of x?
3, 5
Suppose 2*g + 2*t = -2*t + 36, -34 = -2*g - 3*t. List the prime factors of g.
2, 7
Suppose -2*c - 2*o + 66 = c, 0 = c - 2*o - 30. What are the prime factors of c/(-14)*(-35)/10?
2, 3
Let k(i) = i**2 - 16*i - 14. List the prime factors of k(18).
2, 11
Suppose 0 = -3*w + 2*o + 10, 3*w - 12 + 4 = o. Suppose 0*j - 14 = -w*j. Suppose 4*c + p - 24 = 0, 24 = 4*c + 4*p - j*p. List the prime factors of c.
2, 3
Suppose 5*k - 218 = 62. What are the prime factors of k?
2, 7
Suppose m - 2 = -x, x + 3*m + 8 = 7*m. Suppose -c + 64 = 3*p, 50 = 2*p - 3*c - x*c. What are the prime factors of p?
2, 11
Let d = -200 - -282. What are the prime factors of d?
2, 41
Suppose -11 = -4*s + 5. Suppose p - 4*p + q + 70 = 0, 0 = -s*p + 3*q + 90. What are the prime factors of p?
2, 3
Let i(x) = -x**2 - 11*x + 7. Let d be i(-10). List the prime factors of (-4)/(-1)*68/d.
2
Let u(s) = 43*s - 4. List the prime factors of u(1).
3, 13
Suppose 16 + 13 = 3*p + 5*h, 5*p - 23 = -2*h. Suppose -p*d + 0 = -9, d = 3*g - 21. What are the prime factors of g?
2
Suppose 0*h = -h - 4*g + 41, -g + 186 = 5*h. What are the prime factors of h?
37
What are the prime factors of 21/(55/10 - 4)?
2, 7
Suppose -5*j + 80 = 2*u, -5*u + 4 - 21 = -3*j. What are the prime factors of j?
2, 7
Let b(q) = -q**2 - 7*q - 3. Let i(n) = n**2 + 8*n + 6. Let m be 1 + -2 - (-10)/(-2). Let d be i(m). List the prime factors of b(d).
3
List the prime factors of 4/6 + (-230)/(-6).
3, 13
Let b = 21 - 10. Let v(k) be the first derivative of -k**4/4 + 4*k**3 - 11*k**2/2 + 2*k - 4. What are the prime factors of v(b)?
2
Let x be ((-5)/(-2))/(4/8). Let p = 5 - x. Suppose p*z = -z + 9. What are the prime factors of z?
3
Suppose -3*b + j + 255 = -4*j, 3*j + 255 = 3*b. List the prime factors of b.
5, 17
Suppose 4*p + 582 = -2. Let j be p*(-1 - 1/(-2)). Suppose 5*i = 2 + j. What are the prime factors of i?
3, 5
Let u(a) = 6*a**2 + 8*a - 8. Let l(q) = q**2. Let x(k) = 5*l(k) - u(k). List the prime factors of x(-7).
3, 5
